{"id":2,"date":"2022-02-16T15:55:22","date_gmt":"2022-02-16T14:55:22","guid":{"rendered":"https:\/\/www.trecissimo.com\/web\/?page_id=2"},"modified":"2024-01-30T12:35:28","modified_gmt":"2024-01-30T11:35:28","slug":"page-d-exemple","status":"publish","type":"page","link":"https:\/\/www.trecissimo.com\/web\/","title":{"rendered":"TRECissimo"},"content":{"rendered":"\n<p>Bienvenue sur TRECissimo, le logiciel de gestion de vos concours de TREC (discipline \u00e9questre).<\/p>\n\n\n\n<p>Si vous souhaitez utiliser ce logiciel pour g\u00e9rer votre prochain concours, <a href=\"mailto:fabrice.vedere@orange.fr\" data-type=\"mailto\" data-id=\"mailto:fabrice.vedere@orange.fr\" style=\"color:#c00;\"><strong>contactez-nous<\/strong><\/a>.<\/p>\n\n\n\n<p>Si vous avez d\u00e9j\u00e0 un compte sur TRECissimo, <a href=\"https:\/\/www.trecissimo.com\/login.php\" data-type=\"URL\" data-id=\"https:\/\/www.trecissimo.com\/login.php\" style=\"color:#c00;\"><strong>identifiez-vous<\/strong><\/a> pour acc\u00e9der au logiciel.<\/p>\n\n\n\n<p>Si vous \u00eates un concurrent d&rsquo;un concours de TREC utilisant TRECissimo, utilisez le lien ou le QR-code que vous a fourni l&rsquo;organisateur pour acc\u00e9der aux r\u00e9sultats en ligne ou cliquez sur le menu : <strong><a href=\"https:\/\/www.trecissimo.com\/encours.php\" style=\"color:#c00;\">TREC en cours<\/a><\/strong>.<\/p>\n\n\n\n<p>Que vous soyez organisateur, juge ou contr\u00f4leur ou encore participant \u00e0 un TREC, nous vous souhaitons beaucoup de plaisir et esp\u00e9rons que ce logiciel saura vous s\u00e9duire par son aspect intuitif, rapide et fonctionnant aussi bien en ligne que hors connexion.<\/p>\n\n\n\n<p>Bon TREC \u00e0 toutes et tous !<\/p>\n\n\n\n<p>N&rsquo;h\u00e9sitez pas \u00e0 nous soumettre des propositions pour am\u00e9liorer encore cet outil&#8230;<\/p>\n\n\n\n<p>Deux manuels sont consultables en ligne pour vous aider \u00e0 utiliser TRECissimo :<\/p>\n\n\n\n<ul class=\"wp-block-list\">\n<li><a href=\"https:\/\/www.trecissimo.com\/web\/manuel-de-lutilisateur\/\" data-type=\"page\" data-id=\"41\" style=\"color:#c00;\">Manuel de l&rsquo;organisateur<\/a><\/li>\n\n\n\n<li><a style=\"color:#c00;\" href=\"https:\/\/www.trecissimo.com\/web\/manuel-du-juge-ou-controleur\/\" data-type=\"page\" data-id=\"43\">Manuel du juge ou contr\u00f4leur<\/a><\/li>\n<\/ul>\n\n\n\n<p><\/p>\n\n\n\n<p class=\"has-text-align-center\"><a href=\"https:\/\/www.equitation-occitanie.fr\/\" target=\"_blank\" rel=\"noreferrer noopener\"><img loading=\"lazy\" decoding=\"async\" width=\"150\" height=\"150\" class=\"wp-image-218\" style=\"width: 150px;\" src=\"https:\/\/www.trecissimo.com\/web\/wp-content\/uploads\/2023\/02\/logoCREoccitanie.jpg\" alt=\"CRE Occitanie\" srcset=\"https:\/\/www.trecissimo.com\/web\/wp-content\/uploads\/2023\/02\/logoCREoccitanie.jpg 284w, https:\/\/www.trecissimo.com\/web\/wp-content\/uploads\/2023\/02\/logoCREoccitanie-150x150.jpg 150w\" sizes=\"auto, (max-width: 150px) 100vw, 150px\" \/><\/a><br><em style=\"color:#888;\">TRECissimo\u00ae, <\/em><br><em style=\"color:#888;\">logiciel financ\u00e9 par le CRE Occitanie, <\/em><br><em style=\"color:#888;\">est une marque d\u00e9pos\u00e9e par le Comit\u00e9 R\u00e9gional d\u2019\u00c9quitation d&rsquo;Occitanie.<\/em><\/p>\n","protected":false},"excerpt":{"rendered":"<p>Bienvenue sur TRECissimo, le logiciel de gestion de vos concours de TREC (discipline \u00e9questre). Si vous souhaitez utiliser ce logiciel pour g\u00e9rer votre prochain concours, contactez-nous. Si vous avez d\u00e9j\u00e0 un compte sur TRECissimo, identifiez-vous pour acc\u00e9der au logiciel. Si vous \u00eates un concurrent d&rsquo;un concours de TREC utilisant TRECissimo, utilisez le lien ou le [&hellip;]<\/p>\n","protected":false},"author":1,"featured_media":25,"parent":0,"menu_order":0,"comment_status":"closed","ping_status":"open","template":"","meta":{"footnotes":""},"class_list":["post-2","page","type-page","status-publish","has-post-thumbnail","hentry"],"_links":{"self":[{"href":"https:\/\/www.trecissimo.com\/web\/wp-json\/wp\/v2\/pages\/2","targetHints":{"allow":["GET"]}}],"collection":[{"href":"https:\/\/www.trecissimo.com\/web\/wp-json\/wp\/v2\/pages"}],"about":[{"href":"https:\/\/www.trecissimo.com\/web\/wp-json\/wp\/v2\/types\/page"}],"author":[{"embeddable":true,"href":"https:\/\/www.trecissimo.com\/web\/wp-json\/wp\/v2\/users\/1"}],"replies":[{"embeddable":true,"href":"https:\/\/www.trecissimo.com\/web\/wp-json\/wp\/v2\/comments?post=2"}],"version-history":[{"count":16,"href":"https:\/\/www.trecissimo.com\/web\/wp-json\/wp\/v2\/pages\/2\/revisions"}],"predecessor-version":[{"id":242,"href":"https:\/\/www.trecissimo.com\/web\/wp-json\/wp\/v2\/pages\/2\/revisions\/242"}],"wp:featuredmedia":[{"embeddable":true,"href":"https:\/\/www.trecissimo.com\/web\/wp-json\/wp\/v2\/media\/25"}],"wp:attachment":[{"href":"https:\/\/www.trecissimo.com\/web\/wp-json\/wp\/v2\/media?parent=2"}],"curies":[{"name":"wp","href":"https:\/\/api.w.org\/{rel}","templated":true}]}}